{"id":60,"date":"2020-05-20T20:30:02","date_gmt":"2020-05-20T20:30:02","guid":{"rendered":"http:\/\/schuleammorungenweg.de\/?page_id=60"},"modified":"2025-11-16T11:22:40","modified_gmt":"2025-11-16T11:22:40","slug":"sekretariat","status":"publish","type":"page","link":"https:\/\/schuleammorungenweg.de\/?page_id=60","title":{"rendered":"Sekretariat"},"content":{"rendered":"<p><span style=\"font-family: arial, helvetica, sans-serif; font-size: 18px;\">Unser Schulsekretariat wird von <strong>Frau Wimmers <\/strong>geleitet, die mit Freundlichkeit, Organisationstalent und gro\u00dfer Hilfsbereitschaft f\u00fcr reibungslose Abl\u00e4ufe an unserer Schule sorgt.<\/span><\/p>\n<p style=\"text-align: left;\"><strong><span style=\"font-family: arial, helvetica, sans-serif; font-size: 16px;\">\u00d6ffnungszeiten:<\/span><\/strong><\/p>\n<p>Montag: 7.30 Uhr &#8211; 13.30 Uhr<br \/>\nMittwoch: 7.30 Uhr &#8211; 13.30 Uhr<br \/>\nFreitag: 7.30 Uhr &#8211; 13.30 Uhr<\/p>\n<p style=\"text-align: center; background: white; margin: 0cm 0cm 18.0pt 0cm;\" align=\"center\">\n","protected":false},"excerpt":{"rendered":"<p>Unser Schulsekretariat wird von Frau Wimmers geleitet, die mit Freundlichkeit, Organisationstalent und gro\u00dfer Hilfsbereitschaft f\u00fcr reibungslose Abl\u00e4ufe an unserer Schule &hellip; <\/p>\n","protected":false},"author":1,"featured_media":0,"parent":0,"menu_order":0,"comment_status":"closed","ping_status":"closed","template":"","meta":{"_mc_calendar":[]},"aioseo_notices":[],"_links":{"self":[{"href":"https:\/\/schuleammorungenweg.de\/index.php?rest_route=\/wp\/v2\/pages\/60"}],"collection":[{"href":"https:\/\/schuleammorungenweg.de\/index.php?rest_route=\/wp\/v2\/pages"}],"about":[{"href":"https:\/\/schuleammorungenweg.de\/index.php?rest_route=\/wp\/v2\/types\/page"}],"author":[{"embeddable":true,"href":"https:\/\/schuleammorungenweg.de\/index.php?rest_route=\/wp\/v2\/users\/1"}],"replies":[{"embeddable":true,"href":"https:\/\/schuleammorungenweg.de\/index.php?rest_route=%2Fwp%2Fv2%2Fcomments&post=60"}],"version-history":[{"count":17,"href":"https:\/\/schuleammorungenweg.de\/index.php?rest_route=\/wp\/v2\/pages\/60\/revisions"}],"predecessor-version":[{"id":2167,"href":"https:\/\/schuleammorungenweg.de\/index.php?rest_route=\/wp\/v2\/pages\/60\/revisions\/2167"}],"wp:attachment":[{"href":"https:\/\/schuleammorungenweg.de\/index.php?rest_route=%2Fwp%2Fv2%2Fmedia&parent=60"}],"curies":[{"name":"wp","href":"https:\/\/api.w.org\/{rel}","templated":true}]}}