{"id":504,"date":"2020-06-16T13:42:42","date_gmt":"2020-06-16T13:42:42","guid":{"rendered":"http:\/\/schuleammorungenweg.de\/?page_id=504"},"modified":"2023-11-21T14:10:10","modified_gmt":"2023-11-21T14:10:10","slug":"individuelles-lernen","status":"publish","type":"page","link":"https:\/\/schuleammorungenweg.de\/?page_id=504","title":{"rendered":"Individuelles Lernen"},"content":{"rendered":"<h3 style=\"text-align: justify;\"><span style=\"font-family: arial, helvetica, sans-serif; font-size: 16px;\"><span style=\"color: #008000;\">An unserer Schule<\/span> <\/span><\/h3>\n<ul style=\"text-align: justify; list-style-type: square;\">\n<li><span style=\"font-family: arial, helvetica, sans-serif; font-size: 16px; color: #000000;\"><span style=\"font-family: arial,helvetica,sans-serif;\">f\u00f6rdern und fordern wir alle Sch\u00fclerinnen und Sch\u00fcler unter Ber\u00fccksichtigung ihrer individuellen Voraussetzungen in ihrer Pers\u00f6nlichkeitsentwicklung, in den sozialen Verhaltensweisen sowie in ihren musischen und praktischen F\u00e4higkeiten.<\/span><\/span><\/li>\n<li><span style=\"font-family: arial, helvetica, sans-serif; font-size: 16px; color: #000000;\">vermitteln wir F\u00e4higkeiten, Kenntnisse und Fertigkeiten inhaltlich u. methodisch so, dass sie den individuellen Lernm\u00f6glichkeiten und der Erfahrungswelt der Kinder entsprechen.<\/span><\/li>\n<li><span style=\"font-family: arial, helvetica, sans-serif; font-size: 16px; color: #000000;\">helfen und ermutigen wir.<\/span><\/li>\n<li><span style=\"font-family: arial, helvetica, sans-serif; font-size: 16px; color: #000000;\">erhalten wir die Freude am Lernen.<\/span><\/li>\n<li><span style=\"font-family: arial, helvetica, sans-serif; font-size: 16px; color: #000000;\">erm\u00f6glichen wir jedem Kind individuelle Erfolgserlebnisse durch individuelle F\u00f6rderpl\u00e4ne und differenzierte Lernangebote<\/span><\/li>\n<\/ul>\n<p style=\"text-align: justify;\"><span style=\"line-height: 115%; font-family: arial, helvetica, sans-serif; font-size: 16px; color: #000000;\">Individuelle F\u00f6rderung erfordert ein ver\u00e4ndertes Bild der Lehrerrolle. Lehrer und Lehrerinnen werden zu Begleitern individueller Lernprozesse, die sie initiieren und unterst\u00fctzen. Zentrales Anliegen ist es, selbstst\u00e4ndiges und erfolgreiches Lernen zu erm\u00f6glichen und Standards zu gew\u00e4hrleisten.<\/span><\/p>\n<h3 style=\"text-align: justify;\"><span style=\"color: #008000; font-size: 16px;\"><strong><span style=\"font-family: arial,helvetica,sans-serif;\">Wir<\/span><\/strong><\/span><\/h3>\n<ul style=\"text-align: justify; list-style-type: square;\">\n<li><span style=\"font-family: arial, helvetica, sans-serif; font-size: 16px; color: #000000;\">bieten differenzierte Aufgabenangebote (Werkst\u00e4tten, Lernaufgaben, \u00dcbungen im Unterrichtsalltag).<\/span><\/li>\n<li><span style=\"font-family: arial, helvetica, sans-serif; font-size: 16px; color: #000000;\">f\u00f6rdern in kleinen Gruppen.<\/span><\/li>\n<li><span style=\"font-family: arial, helvetica, sans-serif; font-size: 16px; color: #000000;\">f\u00f6rdern bei Bedarf auch in homogenen Gruppen um bestimmte Defizite aufzuarbeiten.<\/span><\/li>\n<li><span style=\"font-family: arial, helvetica, sans-serif; font-size: 16px; color: #000000;\">richten F\u00f6rdergruppen f\u00fcr \u201aDeutsch als Zweitsprache\u2019 ein.<\/span><\/li>\n<li><span style=\"font-family: arial, helvetica, sans-serif; font-size: 16px; color: #000000;\">f\u00f6rdern Seiteneinsteiger in Kleingruppen<\/span><\/li>\n<li><span style=\"font-family: arial, helvetica, sans-serif; font-size: 16px; color: #000000;\">unterrichten Kinder in klassen- und jahrgangs\u00fcbergreifenden Gruppen innerhalb von F\u00f6rderb\u00e4ndern (Schuleingangsphase und 3.\/4. Schuljahre).<\/span><\/li>\n<li><span style=\"font-family: arial, helvetica, sans-serif; font-size: 16px; color: #000000;\">f\u00f6rdern die Schulanf\u00e4nger in ihren Basiskompetenzen<\/span><\/li>\n<li><span style=\"font-family: arial, helvetica, sans-serif; font-size: 16px; color: #000000;\">bieten F\u00f6rdergruppen in den Bereichen \u201aFeinmotorik\u2019 und \u201aWahrnehmung\u2019 an.\u00a0<\/span><\/li>\n<li><span style=\"font-family: arial, helvetica, sans-serif; font-size: 16px; color: #000000;\">unterst\u00fctzen Sch\u00fclerInnen mit Lese- Rechtschreibschw\u00e4chen in kleinen Lerngruppen.<\/span><\/li>\n<li><span style=\"font-family: arial, helvetica, sans-serif; font-size: 16px; color: #000000;\">f\u00f6rdern Motorik durch zus\u00e4tzliche Sportangebote (bes. in der Schuleingangsphase).<\/span><\/li>\n<li><span style=\"font-family: arial, helvetica, sans-serif; font-size: 16px; color: #000000;\">setzen IPad-Lernprogramme ein.<\/span><\/li>\n<li><span style=\"font-family: arial, helvetica, sans-serif; font-size: 16px; color: #000000;\">f\u00f6rdern ggf. durch Unterst\u00fctzung der Sozialp\u00e4dagoginnen und der Erzieherinnen des offenen Ganztages<\/span><\/li>\n<li><span style=\"font-family: arial, helvetica, sans-serif; font-size: 16px; color: #000000;\">f\u00f6rdern Lesen z. B. durch Lesem\u00fctter bzw. durch Leseprojekte wie die Leseprojektwoche oder Antolin.<\/span><\/li>\n<li><span style=\"font-family: arial, helvetica, sans-serif; font-size: 16px; color: #000000;\">erm\u00f6glichen Zugang zu diversen Lernprogrammen.<br \/>\n<\/span><\/li>\n<li><span style=\"font-family: arial, helvetica, sans-serif; font-size: 16px; color: #000000;\">unterst\u00fctzen die Lernaufgabenbetreuung\/Lernzeiten im \u201eOffenen Ganztag\u201c und f\u00f6rdern Kinder auch hier individuell<\/span><\/li>\n<\/ul>\n<p style=\"text-align: justify;\"><span style=\"font-family: arial, helvetica, sans-serif; font-size: 16px; color: #000000;\">Au\u00dferdem ist es wichtig, eine<strong> ansprechende und motivierende<\/strong> <strong>Lernumgebung<\/strong> zu schaffen:<\/span><\/p>\n<ul style=\"text-align: justify; list-style-type: square;\">\n<li><span style=\"font-size: 16px; color: #000000;\"><span style=\"font-family: arial,helvetica,sans-serif;\">durch Raumgestaltung und Sitzordnungen, die an die jeweiligen <\/span><span style=\"font-family: arial,helvetica,sans-serif;\">Unterrichtsformen angepasst sind.<\/span><\/span><\/li>\n<li><span style=\"font-family: arial, helvetica, sans-serif; font-size: 16px; color: #000000;\">die M\u00f6glichkeit Gespr\u00e4chskreise durchzuf\u00fchren.<\/span><\/li>\n<li><span style=\"font-family: arial, helvetica, sans-serif; font-size: 16px; color: #000000;\"><span style=\"font-family: arial,helvetica,sans-serif;\">Lernecken mit Lernmaterialien.<\/span><\/span><\/li>\n<\/ul>\n<p style=\"text-align: justify;\"><span style=\"font-family: arial, helvetica, sans-serif; font-size: 16px; color: #000000;\">Eine ansprechende Lernumgebung ist in allen Klassenr\u00e4umen zu sp\u00fcren. <\/span><\/p>\n","protected":false},"excerpt":{"rendered":"<p>An unserer Schule f\u00f6rdern und fordern wir alle Sch\u00fclerinnen und Sch\u00fcler unter Ber\u00fccksichtigung ihrer individuellen Voraussetzungen in ihrer Pers\u00f6nlichkeitsentwicklung, in &hellip; <\/p>\n","protected":false},"author":1,"featured_media":0,"parent":0,"menu_order":0,"comment_status":"closed","ping_status":"closed","template":"","meta":{"_mc_calendar":[]},"aioseo_notices":[],"_links":{"self":[{"href":"https:\/\/schuleammorungenweg.de\/index.php?rest_route=\/wp\/v2\/pages\/504"}],"collection":[{"href":"https:\/\/schuleammorungenweg.de\/index.php?rest_route=\/wp\/v2\/pages"}],"about":[{"href":"https:\/\/schuleammorungenweg.de\/index.php?rest_route=\/wp\/v2\/types\/page"}],"author":[{"embeddable":true,"href":"https:\/\/schuleammorungenweg.de\/index.php?rest_route=\/wp\/v2\/users\/1"}],"replies":[{"embeddable":true,"href":"https:\/\/schuleammorungenweg.de\/index.php?rest_route=%2Fwp%2Fv2%2Fcomments&post=504"}],"version-history":[{"count":9,"href":"https:\/\/schuleammorungenweg.de\/index.php?rest_route=\/wp\/v2\/pages\/504\/revisions"}],"predecessor-version":[{"id":508,"href":"https:\/\/schuleammorungenweg.de\/index.php?rest_route=\/wp\/v2\/pages\/504\/revisions\/508"}],"wp:attachment":[{"href":"https:\/\/schuleammorungenweg.de\/index.php?rest_route=%2Fwp%2Fv2%2Fmedia&parent=504"}],"curies":[{"name":"wp","href":"https:\/\/api.w.org\/{rel}","templated":true}]}}