{"id":50,"date":"2020-05-20T20:30:02","date_gmt":"2020-05-20T20:30:02","guid":{"rendered":"http:\/\/schuleammorungenweg.de\/?page_id=50"},"modified":"2026-01-09T12:48:01","modified_gmt":"2026-01-09T12:48:01","slug":"das-sind-wir","status":"publish","type":"page","link":"https:\/\/schuleammorungenweg.de\/?page_id=50","title":{"rendered":"Das sind wir"},"content":{"rendered":"<p><span style=\"font-family: arial, helvetica, sans-serif;\">Unsere Schule ist eine st\u00e4dtische Grundschule in Essen &#8211; Freisenbruch.<br \/>\n<\/span><span style=\"font-family: arial, helvetica, sans-serif;\">Aktuell besuchen etwa 409 Kinder unsere Schule. <\/span><span style=\"font-family: arial, helvetica, sans-serif;\">Wir haben insgesamt 17 Klassen.<br \/>\n<\/span><span style=\"font-family: arial, helvetica, sans-serif;\">Alle Jahrg\u00e4n<\/span><span style=\"font-family: arial, helvetica, sans-serif;\">ge <\/span><span style=\"font-family: arial, helvetica, sans-serif;\">sind inzwischen mindestens vierz\u00fcgig.<\/span><\/p>\n<p><span style=\"font-family: arial, helvetica, sans-serif;\">Ein festes p\u00e4dagogisches Team von insgesamt\u00a0<\/span><\/p>\n<ul>\n<li><span style=\"font-family: arial, helvetica, sans-serif;\">22 Lehrerinnen und Lehrern, <\/span><\/li>\n<li><span style=\"font-family: arial, helvetica, sans-serif;\">zwei Sozialp\u00e4dagoginnen,<\/span><\/li>\n<li><span style=\"font-family: arial, helvetica, sans-serif;\">zwei Sonderp\u00e4dagogen<\/span><\/li>\n<li><span style=\"font-family: arial, helvetica, sans-serif;\">einem Schulsozialarbeiter sowie <\/span><\/li>\n<li><span style=\"font-family: arial, helvetica, sans-serif;\">neun Erzieherinnen und Erziehern <\/span><\/li>\n<\/ul>\n<p><span style=\"font-family: arial, helvetica, sans-serif;\">arbeitet t\u00e4glich motiviert f\u00fcr das Ziel einen gelungenen Schulalltag f\u00fcr alle Kinder zu gestalten.<br \/>\n<\/span><span style=\"font-family: arial, helvetica, sans-serif;\">Am Vormittag lernen die Kinder in ihren festen Klassen.<br \/>\nHier entdecken sie Neues und d\u00fcrfen sich im gesch\u00fctzen Rahmen ausprobieren.<br \/>\n<\/span><span style=\"font-family: arial, helvetica, sans-serif;\">Nachmittags werden 175 Kinder im Offenen Ganztag betreut. Insgesamt werden sie in sieben festen Gruppen betreut.<br \/>\n<\/span><span style=\"font-family: arial, helvetica, sans-serif;\">Zus\u00e4tzlich k\u00fcmmert sich zwei Gruppen der 8-1 Betreuung\u00a0 bis 13.30 Uhr <\/span><span style=\"font-family: arial, helvetica, sans-serif;\">um etwa 60 Kinder.<\/span><\/p>\n<p><span style=\"font-family: arial, helvetica, sans-serif;\">\u00dcber die folgenden Links k\u00f6nnen Sie weitere Informationen zum Bereich \u201eDas sind wir\u201c nachlesen:<\/span><\/p>\n<p><span style=\"color: #008000; font-family: arial, helvetica, sans-serif;\"><a style=\"color: #008000;\" title=\"Kollegium\" href=\"https:\/\/schuleammorungenweg.de\/?page_id=59\">Kollegium<\/a><\/span><\/p>\n<p><a href=\"https:\/\/schuleammorungenweg.de\/?page_id=62\"><span style=\"font-family: arial, helvetica, sans-serif; color: #008000;\">OGS-Team<\/span><\/a><\/p>\n<p><span style=\"color: #008000; font-family: arial, helvetica, sans-serif;\"><a style=\"color: #008000;\" title=\"Sozialarbeit\" href=\"https:\/\/schuleammorungenweg.de\/?page_id=356\">Sozialarbeit<\/a><\/span><\/p>\n<p><span style=\"color: #008000; font-family: arial, helvetica, sans-serif;\"><a style=\"color: #008000;\" title=\"Klassen\" href=\"https:\/\/schuleammorungenweg.de\/?page_id=82\">Klassen<\/a><\/span><\/p>\n<p><span style=\"color: #008000; font-family: arial, helvetica, sans-serif;\"><a style=\"color: #008000;\" title=\"Sekretariat\" href=\"https:\/\/schuleammorungenweg.de\/?page_id=60\">Sekretariat<\/a><\/span><\/p>\n<p><span style=\"color: #008000; font-family: arial, helvetica, sans-serif;\"><a style=\"color: #008000;\" title=\"Hausmeister\" href=\"https:\/\/schuleammorungenweg.de\/?page_id=61\">Hausmeister<\/a><\/span><\/p>\n<p><span style=\"color: #008000; font-family: arial, helvetica, sans-serif;\"><a style=\"color: #008000;\" href=\"https:\/\/schuleammorungenweg.de\/?page_id=197\">Schulhund Lotta<\/a><\/span><\/p>\n<p><span style=\"font-family: arial, helvetica, sans-serif; color: #008000;\"><a style=\"color: #008000;\" href=\"https:\/\/schuleammorungenweg.de\/?page_id=342\">Patenklassen<\/a><\/span><\/p>\n","protected":false},"excerpt":{"rendered":"<p>Unsere Schule ist eine st\u00e4dtische Grundschule in Essen &#8211; Freisenbruch. Aktuell besuchen etwa 409 Kinder unsere Schule. Wir haben insgesamt &hellip; <\/p>\n","protected":false},"author":1,"featured_media":0,"parent":0,"menu_order":0,"comment_status":"closed","ping_status":"closed","template":"","meta":{"_mc_calendar":[]},"aioseo_notices":[],"_links":{"self":[{"href":"https:\/\/schuleammorungenweg.de\/index.php?rest_route=\/wp\/v2\/pages\/50"}],"collection":[{"href":"https:\/\/schuleammorungenweg.de\/index.php?rest_route=\/wp\/v2\/pages"}],"about":[{"href":"https:\/\/schuleammorungenweg.de\/index.php?rest_route=\/wp\/v2\/types\/page"}],"author":[{"embeddable":true,"href":"https:\/\/schuleammorungenweg.de\/index.php?rest_route=\/wp\/v2\/users\/1"}],"replies":[{"embeddable":true,"href":"https:\/\/schuleammorungenweg.de\/index.php?rest_route=%2Fwp%2Fv2%2Fcomments&post=50"}],"version-history":[{"count":13,"href":"https:\/\/schuleammorungenweg.de\/index.php?rest_route=\/wp\/v2\/pages\/50\/revisions"}],"predecessor-version":[{"id":2186,"href":"https:\/\/schuleammorungenweg.de\/index.php?rest_route=\/wp\/v2\/pages\/50\/revisions\/2186"}],"wp:attachment":[{"href":"https:\/\/schuleammorungenweg.de\/index.php?rest_route=%2Fwp%2Fv2%2Fmedia&parent=50"}],"curies":[{"name":"wp","href":"https:\/\/api.w.org\/{rel}","templated":true}]}}