{"id":215,"date":"2020-05-26T09:52:17","date_gmt":"2020-05-26T09:52:17","guid":{"rendered":"http:\/\/schuleammorungenweg.de\/?page_id=215"},"modified":"2023-11-23T11:54:28","modified_gmt":"2023-11-23T11:54:28","slug":"uebergang-ins-5-schuljahr","status":"publish","type":"page","link":"https:\/\/schuleammorungenweg.de\/?page_id=215","title":{"rendered":"\u00dcbergang ins 5. Schuljahr"},"content":{"rendered":"<p style=\"text-align: justify;\"><span style=\"font-family: arial,helvetica,sans-serif;\">Aus der Perspektive von Sch\u00fclern und Eltern l\u00f6st der \u00dcbergang in eine weiterf\u00fchrende Schule oftmals eine gr\u00f6\u00dfere Verunsicherung aus. Aus schulp\u00e4dagogischer Sicht wird daher ein \u201esanfter \u00dcbergang\u201c angestrebt. Zum Gelingen tr\u00e4gt im Wesentlichen die Bereitschaft aller Beteiligten zur Zusammenarbeit bei.<\/span><\/p>\n<p style=\"text-align: justify;\"><span style=\"font-family: arial,helvetica,sans-serif;\">Auf der 1.Klassenpflegschaftssitzung des 4. Schuljahres erhalten die Eltern erste genaue <strong>Informationen \u00fcber den Ablauf<\/strong> des Schul\u00fcbergangs. Des Weiteren werden alle Eltern der Viertkl\u00e4ssler zu einem Informationsabend im Stadtteil (Veranstaltungsort: Aula des Gymnasiums an der Wolfskuhle) eingeladen, wo sie konkrete Informationen \u00fcber alle weiterf\u00fchrenden Schulformen erhalten. Vertreter aller m\u00f6glichen Schulformen geben dort Informationen zu ihrer speziellen Schulform und dem dort zu erreichenden Abschluss.<\/span><\/p>\n<p style=\"text-align: justify;\"><span style=\"font-family: arial,helvetica,sans-serif;\">Einen wichtigen Faktor zum \u201esanften \u00dcbergang\u201c stellen die <strong>Beratungsgespr\u00e4che<\/strong> dar. Die Klassenlehrer beraten in einem pers\u00f6nlichen Gespr\u00e4ch die Eltern und k\u00f6nnen so dazu beitragen, dass Eltern die St\u00e4rken ihres Kindes genau kennen und die Lernm\u00f6glichkeiten realistisch einsch\u00e4tzen. Zus\u00e4tzlich kann den Eltern im Beratungsgespr\u00e4ch ein Bild von den Anforderungen und der Arbeitsweise der angestrebten Schulform vermittelt werden. Auch die Eltern selbst k\u00f6nnen ihre eigenen Erfahrungen mit ihrem Kind und ihre pers\u00f6nlichen Erwartungen hinsichtlich des weiteren Bildungsweges einbringen.<\/span><\/p>\n<p style=\"text-align: justify;\"><span style=\"font-family: arial,helvetica,sans-serif;\">Au\u00dferdem weist unsere Schule die Eltern darauf hin, dass auch die weiterf\u00fchrenden Schulen Eltern beraten und dies in der Regel an ihrem jeweiligen <strong>\u201eTag der offenen T\u00fcr\u201c<\/strong> anbieten. Die Schule legt vielf\u00e4ltiges Informationsmaterial \u00fcber die verschiedenen Schulen und Schulformen f\u00fcr Eltern in der Pausenhalle aus. Ein umfangreiches <strong>Informationsheft der Stadt Essen<\/strong> \u00fcber die weiterf\u00fchrenden Schulen und die Anmeldetermine geht den Eltern in der Regel im November &#8211; vor den Beratungsgespr\u00e4chen &#8211; zu.\u00a0 In diesem Heft ist auch beschrieben, welche Unterlagen zur Anmeldung mitgenommen werden m\u00fcssen.<br \/>\n<\/span><\/p>\n","protected":false},"excerpt":{"rendered":"<p>Aus der Perspektive von Sch\u00fclern und Eltern l\u00f6st der \u00dcbergang in eine weiterf\u00fchrende Schule oftmals eine gr\u00f6\u00dfere Verunsicherung aus. Aus &hellip; <\/p>\n","protected":false},"author":1,"featured_media":0,"parent":0,"menu_order":0,"comment_status":"closed","ping_status":"closed","template":"","meta":{"_mc_calendar":[]},"aioseo_notices":[],"_links":{"self":[{"href":"https:\/\/schuleammorungenweg.de\/index.php?rest_route=\/wp\/v2\/pages\/215"}],"collection":[{"href":"https:\/\/schuleammorungenweg.de\/index.php?rest_route=\/wp\/v2\/pages"}],"about":[{"href":"https:\/\/schuleammorungenweg.de\/index.php?rest_route=\/wp\/v2\/types\/page"}],"author":[{"embeddable":true,"href":"https:\/\/schuleammorungenweg.de\/index.php?rest_route=\/wp\/v2\/users\/1"}],"replies":[{"embeddable":true,"href":"https:\/\/schuleammorungenweg.de\/index.php?rest_route=%2Fwp%2Fv2%2Fcomments&post=215"}],"version-history":[{"count":6,"href":"https:\/\/schuleammorungenweg.de\/index.php?rest_route=\/wp\/v2\/pages\/215\/revisions"}],"predecessor-version":[{"id":1804,"href":"https:\/\/schuleammorungenweg.de\/index.php?rest_route=\/wp\/v2\/pages\/215\/revisions\/1804"}],"wp:attachment":[{"href":"https:\/\/schuleammorungenweg.de\/index.php?rest_route=%2Fwp%2Fv2%2Fmedia&parent=215"}],"curies":[{"name":"wp","href":"https:\/\/api.w.org\/{rel}","templated":true}]}}