{"id":1404,"date":"2022-07-28T14:36:12","date_gmt":"2022-07-28T14:36:12","guid":{"rendered":"https:\/\/schuleammorungenweg.de\/?page_id=1404"},"modified":"2022-07-29T06:25:37","modified_gmt":"2022-07-29T06:25:37","slug":"impressionen","status":"publish","type":"page","link":"https:\/\/schuleammorungenweg.de\/?page_id=1404","title":{"rendered":"Projektwoche 2022"},"content":{"rendered":"<p><strong>Meine Schule &#8211; Ein Ort zum Wohlf\u00fchlen<\/strong><\/p>\n<p style=\"text-align: justify;\">In diesem Jahr stand das Thema \u201eMeine Schule \u2013 ein Ort zum Wohlf\u00fchlen\u201c im Fokus der einw\u00f6chigen Projektwoche. In den Klassen wurde zusammen mit den Sch\u00fclern an unterschiedlichen Unterrichtseinheiten zu Themen wie bspw. Freundschaft, Entspannung und Spa\u00df gearbeitet. Dabei wurden die Sch\u00fclerinnen und Sch\u00fcler in die Planung der Aktivit\u00e4ten eingebunden, sodass ein vielf\u00e4ltiges Angebot an Wohlf\u00fchlmomenten und erinnerungsw\u00fcrdigen Erlebnissen entstand.<\/p>\n<p><img loading=\"lazy\" class=\"alignnone size-medium wp-image-1417\" src=\"https:\/\/schuleammorungenweg.de\/wp-content\/uploads\/2022\/07\/20220609_103427-1-225x300.jpg\" alt=\"\" width=\"225\" height=\"300\" srcset=\"https:\/\/schuleammorungenweg.de\/wp-content\/uploads\/2022\/07\/20220609_103427-1-225x300.jpg 225w, https:\/\/schuleammorungenweg.de\/wp-content\/uploads\/2022\/07\/20220609_103427-1-768x1024.jpg 768w, https:\/\/schuleammorungenweg.de\/wp-content\/uploads\/2022\/07\/20220609_103427-1-1152x1536.jpg 1152w, https:\/\/schuleammorungenweg.de\/wp-content\/uploads\/2022\/07\/20220609_103427-1-1536x2048.jpg 1536w, https:\/\/schuleammorungenweg.de\/wp-content\/uploads\/2022\/07\/20220609_103427-1-scaled.jpg 1920w\" sizes=\"(max-width: 225px) 100vw, 225px\" \/>\u00a0 <img loading=\"lazy\" class=\"alignnone size-medium wp-image-1433\" src=\"https:\/\/schuleammorungenweg.de\/wp-content\/uploads\/2022\/07\/WhatsApp-Image-2022-06-20-at-14.47.26-3-225x300.jpeg\" alt=\"\" width=\"225\" height=\"300\" srcset=\"https:\/\/schuleammorungenweg.de\/wp-content\/uploads\/2022\/07\/WhatsApp-Image-2022-06-20-at-14.47.26-3-225x300.jpeg 225w, https:\/\/schuleammorungenweg.de\/wp-content\/uploads\/2022\/07\/WhatsApp-Image-2022-06-20-at-14.47.26-3-768x1024.jpeg 768w, https:\/\/schuleammorungenweg.de\/wp-content\/uploads\/2022\/07\/WhatsApp-Image-2022-06-20-at-14.47.26-3-1152x1536.jpeg 1152w, https:\/\/schuleammorungenweg.de\/wp-content\/uploads\/2022\/07\/WhatsApp-Image-2022-06-20-at-14.47.26-3.jpeg 1200w\" sizes=\"(max-width: 225px) 100vw, 225px\" \/>\u00a0 <img loading=\"lazy\" class=\"alignnone size-medium wp-image-1418\" src=\"https:\/\/schuleammorungenweg.de\/wp-content\/uploads\/2022\/07\/20220609_103526-1-225x300.jpg\" alt=\"\" width=\"225\" height=\"300\" srcset=\"https:\/\/schuleammorungenweg.de\/wp-content\/uploads\/2022\/07\/20220609_103526-1-225x300.jpg 225w, https:\/\/schuleammorungenweg.de\/wp-content\/uploads\/2022\/07\/20220609_103526-1-768x1024.jpg 768w, https:\/\/schuleammorungenweg.de\/wp-content\/uploads\/2022\/07\/20220609_103526-1-1152x1536.jpg 1152w, https:\/\/schuleammorungenweg.de\/wp-content\/uploads\/2022\/07\/20220609_103526-1-1536x2048.jpg 1536w, https:\/\/schuleammorungenweg.de\/wp-content\/uploads\/2022\/07\/20220609_103526-1-scaled.jpg 1920w\" sizes=\"(max-width: 225px) 100vw, 225px\" \/><\/p>\n<p><img loading=\"lazy\" class=\"alignnone wp-image-1434\" src=\"https:\/\/schuleammorungenweg.de\/wp-content\/uploads\/2022\/07\/WhatsApp-Image-2022-06-20-at-14.47.26-300x225.jpeg\" alt=\"\" width=\"300\" height=\"225\" srcset=\"https:\/\/schuleammorungenweg.de\/wp-content\/uploads\/2022\/07\/WhatsApp-Image-2022-06-20-at-14.47.26-300x225.jpeg 300w, https:\/\/schuleammorungenweg.de\/wp-content\/uploads\/2022\/07\/WhatsApp-Image-2022-06-20-at-14.47.26-1024x768.jpeg 1024w, https:\/\/schuleammorungenweg.de\/wp-content\/uploads\/2022\/07\/WhatsApp-Image-2022-06-20-at-14.47.26-768x576.jpeg 768w, https:\/\/schuleammorungenweg.de\/wp-content\/uploads\/2022\/07\/WhatsApp-Image-2022-06-20-at-14.47.26-1536x1152.jpeg 1536w, https:\/\/schuleammorungenweg.de\/wp-content\/uploads\/2022\/07\/WhatsApp-Image-2022-06-20-at-14.47.26.jpeg 1600w\" sizes=\"(max-width: 300px) 100vw, 300px\" \/>\u00a0 <img loading=\"lazy\" class=\"alignnone size-medium wp-image-1432\" src=\"https:\/\/schuleammorungenweg.de\/wp-content\/uploads\/2022\/07\/WhatsApp-Image-2022-06-20-at-14.47.26-1-300x225.jpeg\" alt=\"\" width=\"300\" height=\"225\" srcset=\"https:\/\/schuleammorungenweg.de\/wp-content\/uploads\/2022\/07\/WhatsApp-Image-2022-06-20-at-14.47.26-1-300x225.jpeg 300w, https:\/\/schuleammorungenweg.de\/wp-content\/uploads\/2022\/07\/WhatsApp-Image-2022-06-20-at-14.47.26-1-1024x768.jpeg 1024w, https:\/\/schuleammorungenweg.de\/wp-content\/uploads\/2022\/07\/WhatsApp-Image-2022-06-20-at-14.47.26-1-768x576.jpeg 768w, https:\/\/schuleammorungenweg.de\/wp-content\/uploads\/2022\/07\/WhatsApp-Image-2022-06-20-at-14.47.26-1-1536x1152.jpeg 1536w, https:\/\/schuleammorungenweg.de\/wp-content\/uploads\/2022\/07\/WhatsApp-Image-2022-06-20-at-14.47.26-1.jpeg 1600w\" sizes=\"(max-width: 300px) 100vw, 300px\" \/><\/p>\n<p><img loading=\"lazy\" class=\"alignnone size-medium wp-image-1431\" src=\"https:\/\/schuleammorungenweg.de\/wp-content\/uploads\/2022\/07\/WhatsApp-Image-2022-06-20-at-14.47.17-300x300.jpeg\" alt=\"\" width=\"300\" height=\"300\" srcset=\"https:\/\/schuleammorungenweg.de\/wp-content\/uploads\/2022\/07\/WhatsApp-Image-2022-06-20-at-14.47.17-300x300.jpeg 300w, https:\/\/schuleammorungenweg.de\/wp-content\/uploads\/2022\/07\/WhatsApp-Image-2022-06-20-at-14.47.17-1024x1024.jpeg 1024w, https:\/\/schuleammorungenweg.de\/wp-content\/uploads\/2022\/07\/WhatsApp-Image-2022-06-20-at-14.47.17-150x150.jpeg 150w, https:\/\/schuleammorungenweg.de\/wp-content\/uploads\/2022\/07\/WhatsApp-Image-2022-06-20-at-14.47.17-768x768.jpeg 768w, https:\/\/schuleammorungenweg.de\/wp-content\/uploads\/2022\/07\/WhatsApp-Image-2022-06-20-at-14.47.17-246x246.jpeg 246w, https:\/\/schuleammorungenweg.de\/wp-content\/uploads\/2022\/07\/WhatsApp-Image-2022-06-20-at-14.47.17-275x275.jpeg 275w, https:\/\/schuleammorungenweg.de\/wp-content\/uploads\/2022\/07\/WhatsApp-Image-2022-06-20-at-14.47.17-70x70.jpeg 70w, https:\/\/schuleammorungenweg.de\/wp-content\/uploads\/2022\/07\/WhatsApp-Image-2022-06-20-at-14.47.17-276x276.jpeg 276w, https:\/\/schuleammorungenweg.de\/wp-content\/uploads\/2022\/07\/WhatsApp-Image-2022-06-20-at-14.47.17-125x125.jpeg 125w, https:\/\/schuleammorungenweg.de\/wp-content\/uploads\/2022\/07\/WhatsApp-Image-2022-06-20-at-14.47.17-211x211.jpeg 211w, https:\/\/schuleammorungenweg.de\/wp-content\/uploads\/2022\/07\/WhatsApp-Image-2022-06-20-at-14.47.17.jpeg 1512w\" sizes=\"(max-width: 300px) 100vw, 300px\" \/><\/p>\n<p>&nbsp;<\/p>\n<p><img loading=\"lazy\" class=\"alignnone size-medium wp-image-1423\" src=\"https:\/\/schuleammorungenweg.de\/wp-content\/uploads\/2022\/07\/WhatsApp-Image-2022-06-10-at-16.40.30-1-225x300.jpeg\" alt=\"\" width=\"225\" height=\"300\" srcset=\"https:\/\/schuleammorungenweg.de\/wp-content\/uploads\/2022\/07\/WhatsApp-Image-2022-06-10-at-16.40.30-1-225x300.jpeg 225w, https:\/\/schuleammorungenweg.de\/wp-content\/uploads\/2022\/07\/WhatsApp-Image-2022-06-10-at-16.40.30-1-768x1024.jpeg 768w, https:\/\/schuleammorungenweg.de\/wp-content\/uploads\/2022\/07\/WhatsApp-Image-2022-06-10-at-16.40.30-1-1152x1536.jpeg 1152w, https:\/\/schuleammorungenweg.de\/wp-content\/uploads\/2022\/07\/WhatsApp-Image-2022-06-10-at-16.40.30-1.jpeg 1488w\" sizes=\"(max-width: 225px) 100vw, 225px\" \/> <img loading=\"lazy\" class=\"alignnone size-medium wp-image-1424\" src=\"https:\/\/schuleammorungenweg.de\/wp-content\/uploads\/2022\/07\/WhatsApp-Image-2022-06-10-at-16.40.30-2-225x300.jpeg\" alt=\"\" width=\"225\" height=\"300\" srcset=\"https:\/\/schuleammorungenweg.de\/wp-content\/uploads\/2022\/07\/WhatsApp-Image-2022-06-10-at-16.40.30-2-225x300.jpeg 225w, https:\/\/schuleammorungenweg.de\/wp-content\/uploads\/2022\/07\/WhatsApp-Image-2022-06-10-at-16.40.30-2-768x1024.jpeg 768w, https:\/\/schuleammorungenweg.de\/wp-content\/uploads\/2022\/07\/WhatsApp-Image-2022-06-10-at-16.40.30-2-1152x1536.jpeg 1152w, https:\/\/schuleammorungenweg.de\/wp-content\/uploads\/2022\/07\/WhatsApp-Image-2022-06-10-at-16.40.30-2.jpeg 1488w\" sizes=\"(max-width: 225px) 100vw, 225px\" \/><img loading=\"lazy\" class=\"alignnone size-medium wp-image-1422\" src=\"https:\/\/schuleammorungenweg.de\/wp-content\/uploads\/2022\/07\/WhatsApp-Image-2022-06-10-at-16.40.29-225x300.jpeg\" alt=\"\" width=\"225\" height=\"300\" srcset=\"https:\/\/schuleammorungenweg.de\/wp-content\/uploads\/2022\/07\/WhatsApp-Image-2022-06-10-at-16.40.29-225x300.jpeg 225w, https:\/\/schuleammorungenweg.de\/wp-content\/uploads\/2022\/07\/WhatsApp-Image-2022-06-10-at-16.40.29-768x1024.jpeg 768w, https:\/\/schuleammorungenweg.de\/wp-content\/uploads\/2022\/07\/WhatsApp-Image-2022-06-10-at-16.40.29-1152x1536.jpeg 1152w, https:\/\/schuleammorungenweg.de\/wp-content\/uploads\/2022\/07\/WhatsApp-Image-2022-06-10-at-16.40.29.jpeg 1440w\" sizes=\"(max-width: 225px) 100vw, 225px\" \/><img loading=\"lazy\" class=\"alignnone size-medium wp-image-1426\" src=\"https:\/\/schuleammorungenweg.de\/wp-content\/uploads\/2022\/07\/WhatsApp-Image-2022-06-10-at-16.40.30-4-300x300.jpeg\" alt=\"\" width=\"300\" height=\"300\" srcset=\"https:\/\/schuleammorungenweg.de\/wp-content\/uploads\/2022\/07\/WhatsApp-Image-2022-06-10-at-16.40.30-4-300x300.jpeg 300w, https:\/\/schuleammorungenweg.de\/wp-content\/uploads\/2022\/07\/WhatsApp-Image-2022-06-10-at-16.40.30-4-1024x1024.jpeg 1024w, https:\/\/schuleammorungenweg.de\/wp-content\/uploads\/2022\/07\/WhatsApp-Image-2022-06-10-at-16.40.30-4-150x150.jpeg 150w, https:\/\/schuleammorungenweg.de\/wp-content\/uploads\/2022\/07\/WhatsApp-Image-2022-06-10-at-16.40.30-4-768x768.jpeg 768w, https:\/\/schuleammorungenweg.de\/wp-content\/uploads\/2022\/07\/WhatsApp-Image-2022-06-10-at-16.40.30-4-246x246.jpeg 246w, https:\/\/schuleammorungenweg.de\/wp-content\/uploads\/2022\/07\/WhatsApp-Image-2022-06-10-at-16.40.30-4-275x275.jpeg 275w, https:\/\/schuleammorungenweg.de\/wp-content\/uploads\/2022\/07\/WhatsApp-Image-2022-06-10-at-16.40.30-4-70x70.jpeg 70w, https:\/\/schuleammorungenweg.de\/wp-content\/uploads\/2022\/07\/WhatsApp-Image-2022-06-10-at-16.40.30-4-276x276.jpeg 276w, https:\/\/schuleammorungenweg.de\/wp-content\/uploads\/2022\/07\/WhatsApp-Image-2022-06-10-at-16.40.30-4-125x125.jpeg 125w, https:\/\/schuleammorungenweg.de\/wp-content\/uploads\/2022\/07\/WhatsApp-Image-2022-06-10-at-16.40.30-4-211x211.jpeg 211w, https:\/\/schuleammorungenweg.de\/wp-content\/uploads\/2022\/07\/WhatsApp-Image-2022-06-10-at-16.40.30-4.jpeg 1440w\" sizes=\"(max-width: 300px) 100vw, 300px\" \/> <img loading=\"lazy\" class=\"alignnone wp-image-1428\" src=\"https:\/\/schuleammorungenweg.de\/wp-content\/uploads\/2022\/07\/WhatsApp-Image-2022-06-10-at-16.40.30-225x300.jpeg\" alt=\"\" width=\"224\" height=\"299\" srcset=\"https:\/\/schuleammorungenweg.de\/wp-content\/uploads\/2022\/07\/WhatsApp-Image-2022-06-10-at-16.40.30-225x300.jpeg 225w, https:\/\/schuleammorungenweg.de\/wp-content\/uploads\/2022\/07\/WhatsApp-Image-2022-06-10-at-16.40.30-768x1024.jpeg 768w, https:\/\/schuleammorungenweg.de\/wp-content\/uploads\/2022\/07\/WhatsApp-Image-2022-06-10-at-16.40.30-1152x1536.jpeg 1152w, https:\/\/schuleammorungenweg.de\/wp-content\/uploads\/2022\/07\/WhatsApp-Image-2022-06-10-at-16.40.30.jpeg 1488w\" sizes=\"(max-width: 224px) 100vw, 224px\" \/><br \/>\n<img loading=\"lazy\" class=\"alignnone size-medium wp-image-1429\" src=\"https:\/\/schuleammorungenweg.de\/wp-content\/uploads\/2022\/07\/WhatsApp-Image-2022-06-10-at-16.42.20-1-300x300.jpeg\" alt=\"\" width=\"300\" height=\"300\" srcset=\"https:\/\/schuleammorungenweg.de\/wp-content\/uploads\/2022\/07\/WhatsApp-Image-2022-06-10-at-16.42.20-1-300x300.jpeg 300w, https:\/\/schuleammorungenweg.de\/wp-content\/uploads\/2022\/07\/WhatsApp-Image-2022-06-10-at-16.42.20-1-1024x1024.jpeg 1024w, https:\/\/schuleammorungenweg.de\/wp-content\/uploads\/2022\/07\/WhatsApp-Image-2022-06-10-at-16.42.20-1-150x150.jpeg 150w, https:\/\/schuleammorungenweg.de\/wp-content\/uploads\/2022\/07\/WhatsApp-Image-2022-06-10-at-16.42.20-1-768x768.jpeg 768w, https:\/\/schuleammorungenweg.de\/wp-content\/uploads\/2022\/07\/WhatsApp-Image-2022-06-10-at-16.42.20-1-246x246.jpeg 246w, https:\/\/schuleammorungenweg.de\/wp-content\/uploads\/2022\/07\/WhatsApp-Image-2022-06-10-at-16.42.20-1-275x275.jpeg 275w, https:\/\/schuleammorungenweg.de\/wp-content\/uploads\/2022\/07\/WhatsApp-Image-2022-06-10-at-16.42.20-1-70x70.jpeg 70w, https:\/\/schuleammorungenweg.de\/wp-content\/uploads\/2022\/07\/WhatsApp-Image-2022-06-10-at-16.42.20-1-276x276.jpeg 276w, https:\/\/schuleammorungenweg.de\/wp-content\/uploads\/2022\/07\/WhatsApp-Image-2022-06-10-at-16.42.20-1-125x125.jpeg 125w, https:\/\/schuleammorungenweg.de\/wp-content\/uploads\/2022\/07\/WhatsApp-Image-2022-06-10-at-16.42.20-1-211x211.jpeg 211w, https:\/\/schuleammorungenweg.de\/wp-content\/uploads\/2022\/07\/WhatsApp-Image-2022-06-10-at-16.42.20-1.jpeg 1440w\" sizes=\"(max-width: 300px) 100vw, 300px\" \/><img loading=\"lazy\" class=\"alignnone size-medium wp-image-1430\" src=\"https:\/\/schuleammorungenweg.de\/wp-content\/uploads\/2022\/07\/WhatsApp-Image-2022-06-10-at-16.42.20-300x300.jpeg\" alt=\"\" width=\"300\" height=\"300\" srcset=\"https:\/\/schuleammorungenweg.de\/wp-content\/uploads\/2022\/07\/WhatsApp-Image-2022-06-10-at-16.42.20-300x300.jpeg 300w, https:\/\/schuleammorungenweg.de\/wp-content\/uploads\/2022\/07\/WhatsApp-Image-2022-06-10-at-16.42.20-1024x1024.jpeg 1024w, https:\/\/schuleammorungenweg.de\/wp-content\/uploads\/2022\/07\/WhatsApp-Image-2022-06-10-at-16.42.20-150x150.jpeg 150w, https:\/\/schuleammorungenweg.de\/wp-content\/uploads\/2022\/07\/WhatsApp-Image-2022-06-10-at-16.42.20-768x768.jpeg 768w, https:\/\/schuleammorungenweg.de\/wp-content\/uploads\/2022\/07\/WhatsApp-Image-2022-06-10-at-16.42.20-246x246.jpeg 246w, https:\/\/schuleammorungenweg.de\/wp-content\/uploads\/2022\/07\/WhatsApp-Image-2022-06-10-at-16.42.20-275x275.jpeg 275w, https:\/\/schuleammorungenweg.de\/wp-content\/uploads\/2022\/07\/WhatsApp-Image-2022-06-10-at-16.42.20-70x70.jpeg 70w, https:\/\/schuleammorungenweg.de\/wp-content\/uploads\/2022\/07\/WhatsApp-Image-2022-06-10-at-16.42.20-276x276.jpeg 276w, https:\/\/schuleammorungenweg.de\/wp-content\/uploads\/2022\/07\/WhatsApp-Image-2022-06-10-at-16.42.20-125x125.jpeg 125w, https:\/\/schuleammorungenweg.de\/wp-content\/uploads\/2022\/07\/WhatsApp-Image-2022-06-10-at-16.42.20-211x211.jpeg 211w, https:\/\/schuleammorungenweg.de\/wp-content\/uploads\/2022\/07\/WhatsApp-Image-2022-06-10-at-16.42.20.jpeg 1440w\" sizes=\"(max-width: 300px) 100vw, 300px\" \/> \u00a0\u00a0 <img loading=\"lazy\" class=\"alignnone size-medium wp-image-1427\" src=\"https:\/\/schuleammorungenweg.de\/wp-content\/uploads\/2022\/07\/WhatsApp-Image-2022-06-10-at-16.40.30-5-300x225.jpeg\" alt=\"\" width=\"300\" height=\"225\" srcset=\"https:\/\/schuleammorungenweg.de\/wp-content\/uploads\/2022\/07\/WhatsApp-Image-2022-06-10-at-16.40.30-5-300x225.jpeg 300w, https:\/\/schuleammorungenweg.de\/wp-content\/uploads\/2022\/07\/WhatsApp-Image-2022-06-10-at-16.40.30-5-1024x768.jpeg 1024w, https:\/\/schuleammorungenweg.de\/wp-content\/uploads\/2022\/07\/WhatsApp-Image-2022-06-10-at-16.40.30-5-768x576.jpeg 768w, https:\/\/schuleammorungenweg.de\/wp-content\/uploads\/2022\/07\/WhatsApp-Image-2022-06-10-at-16.40.30-5.jpeg 1440w\" sizes=\"(max-width: 300px) 100vw, 300px\" \/><\/p>\n<p><img loading=\"lazy\" class=\"alignnone size-medium wp-image-1441\" src=\"https:\/\/schuleammorungenweg.de\/wp-content\/uploads\/2022\/07\/WhatsApp-Image-2022-07-28-at-17.09.39-1-225x300.jpeg\" alt=\"\" width=\"225\" height=\"300\" srcset=\"https:\/\/schuleammorungenweg.de\/wp-content\/uploads\/2022\/07\/WhatsApp-Image-2022-07-28-at-17.09.39-1-225x300.jpeg 225w, https:\/\/schuleammorungenweg.de\/wp-content\/uploads\/2022\/07\/WhatsApp-Image-2022-07-28-at-17.09.39-1.jpeg 768w\" sizes=\"(max-width: 225px) 100vw, 225px\" \/> <img loading=\"lazy\" class=\"alignnone size-medium wp-image-1442\" src=\"https:\/\/schuleammorungenweg.de\/wp-content\/uploads\/2022\/07\/WhatsApp-Image-2022-07-28-at-17.09.39-2-225x300.jpeg\" alt=\"\" width=\"225\" height=\"300\" srcset=\"https:\/\/schuleammorungenweg.de\/wp-content\/uploads\/2022\/07\/WhatsApp-Image-2022-07-28-at-17.09.39-2-225x300.jpeg 225w, https:\/\/schuleammorungenweg.de\/wp-content\/uploads\/2022\/07\/WhatsApp-Image-2022-07-28-at-17.09.39-2.jpeg 768w\" sizes=\"(max-width: 225px) 100vw, 225px\" \/><\/p>\n<p><img loading=\"lazy\" class=\"alignnone size-medium wp-image-1443\" src=\"https:\/\/schuleammorungenweg.de\/wp-content\/uploads\/2022\/07\/WhatsApp-Image-2022-07-28-at-17.09.39-3-300x225.jpeg\" alt=\"\" width=\"300\" height=\"225\" srcset=\"https:\/\/schuleammorungenweg.de\/wp-content\/uploads\/2022\/07\/WhatsApp-Image-2022-07-28-at-17.09.39-3-300x225.jpeg 300w, https:\/\/schuleammorungenweg.de\/wp-content\/uploads\/2022\/07\/WhatsApp-Image-2022-07-28-at-17.09.39-3-768x576.jpeg 768w, https:\/\/schuleammorungenweg.de\/wp-content\/uploads\/2022\/07\/WhatsApp-Image-2022-07-28-at-17.09.39-3.jpeg 1024w\" sizes=\"(max-width: 300px) 100vw, 300px\" \/> <img loading=\"lazy\" class=\"alignnone size-medium wp-image-1419\" src=\"https:\/\/schuleammorungenweg.de\/wp-content\/uploads\/2022\/07\/20220609_104109-1-300x225.jpg\" alt=\"\" width=\"300\" height=\"225\" srcset=\"https:\/\/schuleammorungenweg.de\/wp-content\/uploads\/2022\/07\/20220609_104109-1-300x225.jpg 300w, https:\/\/schuleammorungenweg.de\/wp-content\/uploads\/2022\/07\/20220609_104109-1-1024x768.jpg 1024w, https:\/\/schuleammorungenweg.de\/wp-content\/uploads\/2022\/07\/20220609_104109-1-768x576.jpg 768w, https:\/\/schuleammorungenweg.de\/wp-content\/uploads\/2022\/07\/20220609_104109-1-1536x1152.jpg 1536w, https:\/\/schuleammorungenweg.de\/wp-content\/uploads\/2022\/07\/20220609_104109-1-2048x1536.jpg 2048w\" sizes=\"(max-width: 300px) 100vw, 300px\" \/><\/p>\n","protected":false},"excerpt":{"rendered":"<p>Meine Schule &#8211; Ein Ort zum Wohlf\u00fchlen In diesem Jahr stand das Thema \u201eMeine Schule \u2013 ein Ort zum Wohlf\u00fchlen\u201c &hellip; <\/p>\n","protected":false},"author":1,"featured_media":0,"parent":0,"menu_order":0,"comment_status":"closed","ping_status":"closed","template":"","meta":{"_mc_calendar":[]},"aioseo_notices":[],"_links":{"self":[{"href":"https:\/\/schuleammorungenweg.de\/index.php?rest_route=\/wp\/v2\/pages\/1404"}],"collection":[{"href":"https:\/\/schuleammorungenweg.de\/index.php?rest_route=\/wp\/v2\/pages"}],"about":[{"href":"https:\/\/schuleammorungenweg.de\/index.php?rest_route=\/wp\/v2\/types\/page"}],"author":[{"embeddable":true,"href":"https:\/\/schuleammorungenweg.de\/index.php?rest_route=\/wp\/v2\/users\/1"}],"replies":[{"embeddable":true,"href":"https:\/\/schuleammorungenweg.de\/index.php?rest_route=%2Fwp%2Fv2%2Fcomments&post=1404"}],"version-history":[{"count":19,"href":"https:\/\/schuleammorungenweg.de\/index.php?rest_route=\/wp\/v2\/pages\/1404\/revisions"}],"predecessor-version":[{"id":1467,"href":"https:\/\/schuleammorungenweg.de\/index.php?rest_route=\/wp\/v2\/pages\/1404\/revisions\/1467"}],"wp:attachment":[{"href":"https:\/\/schuleammorungenweg.de\/index.php?rest_route=%2Fwp%2Fv2%2Fmedia&parent=1404"}],"curies":[{"name":"wp","href":"https:\/\/api.w.org\/{rel}","templated":true}]}}